?
False
Let t(w) = 6135*w - 13. Let i be t(1). Suppose -v - 5*j - 2443 = 0, 2*v - 4*j + 1573 = -3369. Let s = v + i. Is s a composite number?
False
Let d = 21653 + -10270. Is d prime?
True
Let y be (4 + 0 + -3)*141227. Suppose t = 20*t - y. Is t composite?
False
Let m(o) = -124291*o**3 - 20*o**2 - 26*o - 6. Is m(-1) a prime number?
True
Is (3/(-27) - 0) + (-9043296)/(-216) a prime number?
False
Let p(c) = -5*c + 45. Let j be p(8). Suppose 0*q - 343 = -2*q - j*t, -184 = -q - 5*t. Is q a composite number?
True
Let a(f) = 667*f - 5. Let c(m) = m**2 + 8*m + 17. Let n be c(-6). Let i be a(n). Suppose 4*o = 1842 + i. Is o composite?
True
Let j = -422936 - -610783. Is j a prime number?
False
Let t be (-2)/((3/6)/(-1)). Let y(u) = 87*u**3 - 8*u**2 + 19*u - 3. Is y(t) composite?
True
Let o(w) = -7661*w**3 + 3*w**2 + 2*w. Let m be o(-1). Is (-2 - (-6)/9)/((-4)/m) prime?
False
Let x = -10153 - -21824. Is x a composite number?
True
Let c be (-60)/198*-357 - (-6)/(-33). Suppose 114*w = c*w + 13044. Is w composite?
True
Let a = -11 + 13. Suppose 0 = -5*l - 58 - a. Is 383 - -3*4/l a composite number?
True
Suppose 3*a + 3*z - 73314 = 0, -22*z - 122191 = -5*a - 26*z. Is a composite?
False
Suppose -5*r + 4902056 + 523884 = 5*m, -5*m - 3255556 = -3*r. Suppose -40*n = r - 3211387. Is n a composite number?
True
Let k = 138650 - 22641. Is k prime?
True
Suppose 102*a - 107*a - 471273 = -3*z, 0 = 3*z - a - 471273. Is z a prime number?
False
Let x(c) be the third derivative of 2*c**5/3 - c**4/12 - 11*c**3/6 + 31*c**2 + 2. Is x(-7) prime?
False
Let p(t) = -52*t**3 - 4*t**2 - 6*t - 4. Let s be p(-2). Suppose 4*v - s = 3*v. Suppose -v - 686 = -2*d. Is d composite?
False
Let h = 134407 + -95624. Is h a prime number?
True
Is (-23)/(-230)*1312180*((-7)/(-2) + -2) prime?
False
Let y(s) = -51941*s + 780. Is y(-1) a prime number?
True
Suppose -5*z - c = -299590 - 27022, -2*c = 4*z - 261298. Is z composite?
True
Let g(x) = -18*x**2 - 34*x - 36. Let o be g(-34). Let m = -7657 - o. Is m prime?
False
Let y = 370 + -374. Let c(w) = -2510*w - 202. Is c(y) prime?
False
Suppose -5*j = -4*q - 21235 - 236886, 6 = q. Is j composite?
True
Let d(j) = -3*j - 44. Let t(u) = -5*u + 4. Let i be t(4). Let r be d(i). Suppose r*g + 3*v - 3494 = -1342, -5*v = -4*g + 2152. Is g prime?
False
Suppose 144*f + 51140 = 154*f. Is f composite?
True
Suppose 306 = -m - 5*m. Let z = m - -35. Is (-14712)/z + (-3)/6 prime?
True
Is 3/((-33)/(-2)) - (-2725605)/165 composite?
False
Suppose -v + 4*k = 13, -15*v = -18*v - 3*k + 21. Suppose -v*n + 2201 + 21058 = 0. Is n composite?
False
Let i(x) = -487*x - 220. Is i(-73) prime?
False
Is -6522*(3135/(-630) - 3/(-21)) composite?
True
Is ((-30803)/5)/((-10)/50) a prime number?
True
Let f(m) be the first derivative of 2*m**3/3 - m**2/2 - 14*m - 15. Let k be f(8). Let l = -17 + k. Is l prime?
True
Let q be 2219/5 + 4/(-5). Let x = 1041 - q. Let f = -333 + x. Is f a composite number?
True
Suppose 37*o = 22*o - 23535. Let g = -500 - o. Is g prime?
True
Is (-3 - -87052)*(-2 - (-6 - -3)) a composite number?
False
Let b(q) = 26907*q + 1382. Is b(13) prime?
False
Let j(f) = -f**3 - f - 1. Let r(t) = -4*t**3 - 31*t**2 + 18*t - 22. Let c(q) = 3*j(q) - r(q). Is c(-16) prime?
False
Let w = -3964 + 4051. Is w prime?
False
Suppose 2*q - 1 = 9. Suppose q*j + 43 = 2078. Is j composite?
True
Let n = 2967 - -5038. Is n a prime number?
False
Suppose -2*m + 5*q + 21 = 0, -4*m - 15*q = -18*q - 35. Is (-11 + 13 - -2)*58974/m a prime number?
False
Is (1413207/18 - -9) + 4/8 a prime number?
False
Suppose 3155017 = 4*a + 10*w - 7*w, 2*w + 18 = 0. Is a a composite number?
False
Suppose 0 = 2*c + 4*l - 25702, -3*l = -0*c - 2*c + 25709. Suppose -c - 7865 = -6*w. Is w a prime number?
False
Let h = 106 - 102. Suppose -h*f - 15*u + 8536 = -10*u, -u + 4 = 0. Is f composite?
False
Let l(v) = -3*v + 1. Let q be l(-1). Suppose -q*n = -5*n. Suppose 3*s + 3175 = i, 9485 = 3*i - n*i + s. Is i composite?
False
Suppose -1655*z + 13189438 = 2*s - 1654*z, -3*z = 2*s - 13189454. Is s a prime number?
False
Suppose 0*u - 3*u = -9. Suppose 1816 = z - u*z. Let v = z + 1321. Is v composite?
True
Suppose 446335 - 4195176 + 110335 = -37*a. Is a prime?
False
Suppose -4516391 - 2103767 - 4971408 = -14*v. Is v a composite number?
False
Suppose 31447982 = 58*d + 9*d - 13102529. Is d a composite number?
False
Let s(c) = c**3 + 6*c**2 - 7*c - 9. Let i(l) = 15*l**2 + 104*l - 3. Let x be i(-7). Is s(x) a composite number?
True
Suppose -14*c - 118*c + 31867572 = 0. Is c a prime number?
True
Is 8306/(1*24/(-1552)*4/(-3)) a composite number?
True
Let q(o) = 1877*o + 3425. Is q(13) a prime number?
False
Let x = 83211 - 128729. Is (x/(5 + -6))/(-1 + 3) a prime number?
False
Suppose j - 4*c = -33, 2*c + 30 = -j + 5*c. Let z(h) = -18*h - 47. Is z(j) a composite number?
False
Let j = 6438 + 13811. Is j a composite number?
False
Let o = 125044 - 71813. Is o composite?
False
Let d(c) = -115*c - 10. Let k be d(-7). Suppose -2114 = 5*t - 24*v + 25*v, 16 = -4*v. Let l = t + k. Is l composite?
False
Let q = -780 + 783. Suppose -10*x = -15*x + 5*p + 117660, 0 = q*x - 5*p - 70598. Is x composite?
False
Suppose 5*q - 559580 = -3*h, 5*q - 331864 = h + 227696. Is q composite?
False
Let q be 2*2/(-4) - -3092. Let c = q + -1978. Let y = c - 794. Is y a prime number?
False
Let k be (-216)/81*(3/4)/(-1). Suppose 7*g = k*g - 80. Is (-7511)/(-11) - g/88 a composite number?
False
Let m(v) be the third derivative of v**6/120 + v**5/20 - 7*v**4/24 - 3*v**3/2 + 25*v**2. Let k be m(-4). Suppose -k*s + 2*s = -907. Is s a prime number?
True
Let f = 88648 + -49377. Is f prime?
False
Let t(r) be the first derivative of -7*r**6/120 + r**5/30 + 7*r**4/24 - 13*r**3/6 - 17*r**2/2 + 35. Let m(j) be the second derivative of t(j). Is m(-8) prime?
True
Suppose o + 4407778 = 5*b, -5*o + 7*o + 4407771 = 5*b. Is b composite?
True
Suppose -1243689 = -41*p - 15*p + 1221151. Is p prime?
False
Suppose -2*b = j - 11, 5*b - 2*j = -4*j + 25. Is -2*19628/(-24)*b composite?
True
Let i(d) = -13*d**3 + 15*d**2 + 14*d - 47. Suppose b - 18 = 3*b - 3*y, -y = -b - 9. Is i(b) prime?
False
Let o(n) = 503*n - 79. Let g be 0 + 12 + 13 + -19. Is o(g) composite?
False
Let x(z) = -2*z**2 - 25*z + 5. Let p be x(-13). Is (-6)/(-72)*p*43074/(-4) a composite number?
True
Suppose -7 = p - 3*f - 23, p - 20 = 4*f. Suppose 1 = -p*q - 2*d - 3*d, 0 = -2*q + d + 3. Is (48/64)/(q/1228) a prime number?
False
Suppose 8094666 = 30*x - 4*x + 43*x. Is x a composite number?
True
Let a = -1904 + 1316. Let k = a - -1028. Let g = k + -111. Is g a composite number?
True
Let i = -54266 + 97917. Is i a prime number?
True
Suppose -23*r = -15*r + 44264. Let o = 8498 + r. Is o composite?
True
Let f(u) = -u**2 - 3*u + 20. Let q be f(-6). Let j be 6/(-2) - (q - 1625). Suppose 3*k - j = -r, 5*r + 9 = 2*r. Is k composite?
False
Let i(v) = 104*v - 31. Let h be i(6). Suppose 7*r = 30 + h. Is r a composite number?
False
Suppose -2*m = -2*l + 1820, -2*l - m = -0*m - 1805. Let r = -177 + l. Let u = -463 + r. Is u prime?
False
Suppose -9*l + 147976 = -5*l - 4*w, -2*l = w - 73979. Is l prime?
False
Suppose -5*w = 20, 3*w - 505 - 2498 = -3*g. Suppose 0*d = d - g. Suppose 4*y = d + 2223. Is y a composite number?
True
Suppose 3*r + 11*r = 0. Suppose r = -46*l + 164374 + 59784. Is l composite?
True
Let l(k) = -199*k - 1 - 3*k**3 + 4*k**3 + 225*k + 29*k**2. Is l(-20) prime?
True
Suppose 0 = -9*s + 7*s + 17948. Suppose 7*z + s = -0*z. Is z/(3 + -3 - 2) a prime number?
True
Is 3/(210/3202630) - (-6)/(-7) a prime number?
True
Suppose -5*i + 53 = -4*m - 1, 2*i = -m - 20. Let j = -12 - m. Suppose -n = -j*n + 3093. Is n composite?
False
Let t = 389 - 389. Let s(r) = -8*r + 4091. Is s(t) composite?
False
Is (-1372)/3773 + (-1836333)/(-11) a prime number?
False
Suppose 4*w - 569606 = -3*k, -3*w + 203953 + 223258 = -k. Is w prime?
True
Let u = -625641 - -2296220. Is u a composite number?
False
Suppose 9 = -5*g - 4*g. Is 20*243 - (g + -2 + 2) a composite number?
False
Let l(i) = 2134*i + 164. Let m be l(5). Let j = -5607 + m. Is j composite?
False
Suppose 2*c + 233*l - 227700 = 230*l, 227708 = 2*c - l. Is c a composite number?
True
Suppose -4*n + 32 = 0, -2*s - 2*n = -1309640 - 184450. Is s composite?
False
Let g = 76766 - 45885. Is g a p